?
45
In base 9, what is 3 - -426?
430
In base 13, what is 176 - 1?
175
In base 11, what is 4 + -106?
-102
In base 9, what is -3 + -3141?
-3144
In base 2, what is -10000000 + 11011?
-1100101
In base 10, what is -84 - -4?
-80
In base 15, what is -20 - 119?
-139
In base 3, what is 11 - 2112?
-2101
In base 10, what is -447 - -4?
-443
In base 6, what is 1202 - 32?
1130
In base 7, what is -23 + -16?
-42
In base 7, what is -12 + 3011?
2666
In base 3, what is 20201 - 0?
20201
In base 4, what is -13231201 - 10?
-13231211
In base 5, what is -4 - -324?
320
In base 4, what is 1 - 301?
-300
In base 6, what is -3051 - -3?
-3044
In base 2, what is 1010010110 + -1?
1010010101
In base 14, what is -5 + 39?
34
In base 4, what is 1120321 + 1?
1120322
In base 7, what is 3 + 261?
264
In base 14, what is d - -4?
13
In base 16, what is 4 - d8?
-d4
In base 4, what is 112221 + -22?
112133
In base 15, what is 7 + 4?
b
In base 7, what is -3 + 2056?
2053
In base 7, what is 3 - -355?
361
In base 13, what is 2 + 76?
78
In base 12, what is 8 + 18?
24
In base 9, what is 23452 + -3?
23448
In base 15, what is 5 - 8?
-3
In base 8, what is 11321 - 4?
11315
In base 8, what is 7 - -657?
666
In base 4, what is 12333 - 212?
12121
In base 9, what is 51 + 330?
381
In base 5, what is 0 - 2130?
-2130
In base 2, what is -110 + -111010?
-1000000
In base 10, what is -42 + -13?
-55
In base 14, what is -679 + -1?
-67a
In base 4, what is -2 - -2102?
2100
In base 10, what is -92 - 10?
-102
In base 5, what is 134 - 3334?
-3200
In base 14, what is 8 - -116?
120
In base 8, what is -12 + 27?
15
In base 14, what is d7 + 2?
d9
In base 3, what is -10 + -111?
-121
In base 2, what is 1010 - 10000?
-110
In base 15, what is 1 + -1a?
-19
In base 16, what is 5 + c47?
c4c
In base 9, what is 11 - -143?
154
In base 14, what is -4 - -558?
554
In base 7, what is -234 + -5?
-242
In base 5, what is -11 - -32303?
32242
In base 2, what is -1100101101 - -100?
-1100101001
In base 13, what is -47 - 1c?
-66
In base 16, what is cd + -2b?
a2
In base 9, what is 2 - 301?
-288
In base 12, what is 16 - 12a?
-114
In base 5, what is -100 - -1?
-44
In base 5, what is -10 - -102?
42
In base 7, what is 1 + -1005?
-1004
In base 10, what is 1 - 32?
-31
In base 5, what is 22 - -1311?
1333
In base 15, what is -88e5 + 2?
-88e3
In base 8, what is 47 + 4?
53
In base 4, what is -110 + -21?
-131
In base 11, what is -a - -1?
-9
In base 13, what is 6 - 5?
1
In base 9, what is -4 + -124?
-128
In base 10, what is 15 - 1984?
-1969
In base 5, what is -333 + 13?
-320
In base 15, what is -2b1 + -5?
-2b6
In base 8, what is -56 + -14?
-72
In base 12, what is 154 + 1?
155
In base 10, what is 0 - 1133?
-1133
In base 9, what is -4 + 37?
33
In base 5, what is 2 - -2321?
2323
In base 8, what is -5 - 20?
-25
In base 2, what is -100 - -1101001?
1100101
In base 13, what is -1 - -15?
14
In base 7, what is -5 - -143?
135
In base 6, what is 1 - 42302?
-42301
In base 4, what is -1 - 11133?
-11200
In base 12, what is -91 + -6?
-97
In base 13, what is 5 + -1638?
-1633
In base 8, what is 30 - 2?
26
In base 15, what is -1bec - -2?
-1bea
In base 4, what is 133 - 10?
123
In base 14, what is 6 + -111?
-109
In base 10, what is 4 + 8?
12
In base 12, what is -242 - -2?
-240
In base 4, what is 13 - -11201?
11220
In base 11, what is 4 + 234?
238
In base 13, what is 3 + c48?
c4b
In base 14, what is 186 - -4?
18a
In base 14, what is -2 + 4?
2
In base 10, what is 4 + 131?
135
In base 15, what is -10a + -1?
-10b
In base 3, what is -2011121 - -1?
-2011120
In base 8, what is 100 + -3?
75
In base 10, what is 29 + 150?
179
In base 8, what is 5 - -16?
23
In base 3, what is 10101010 - -2?
10101012
In base 6, what is -30 - 214?
-244
In base 2, what is -101111 + -1110?
-111101
In base 12, what is -43 + 4?
-3b
In base 7, what is 44 - -21?
65
In base 3, what is -10111 + -2002?
-12120
In base 10, what is -1451 - -5?
-1446
In base 9, what is 4 - -670?
674
In base 8, what is 21 - -1636?
1657
In base 7, what is -1 - 365?
-366
In base 15, what is -38 + b7?
7e
In base 14, what is 3 + a?
d
In base 3, what is -1 - -2112?
2111
In base 3, what is -1100 + 111?
-212
In base 2, what is -11 + 10011111000?
10011110101
In base 11, what is 6a0 - -4?
6a4
In base 12, what is -42 - 2?
-44
In base 10, what is 0 - 25?
-25
In base 16, what is -225 + -2?
-227
In base 8, what is -12 + 2?
-10
In base 13, what is 40 - 14?
29
In base 9, what is 3 + 148?
152
In base 4, what is -11 + -103?
-120
In base 2, what is -11 - -101000?
100101
In base 2, what is -111001010 - -100?
-111000110
In base 6, what is 0 + 123?
123
In base 9, what is -4763 - -5?
-4757
In base 15, what is 33 - ce?
-9b
In base 9, what is 122 - 44?
67
In base 8, what is 7 - -42?
51
In base 9, what is 2 - -166?
168
In base 7, what is 355 - -4?
362
In base 2, what is 1 - 100101?
-100100
In base 3, what is 1012101 + 21?
1012122
In base 9, what is 43 + 14?
57
In base 10, what is -12 - -70?
58
In base 15, what is 2 - 26?
-24
In base 13, what is 4 + 6b5?
6b9
In base 12, what is 157 + 13?
16a
In base 14, what is 146 + -4?
142
In base 15, what is -6 + 78e?
788
In base 10, what is -45 + -10?
-55
In base 8, what is -154205 + 5?
-154200
In base 7, what is -3 + 53?
50
In base 16, what is 4f - -2?
51
In base 14, what is 6 - -24?
2a
In base 3, what is -221 - 100?
-1021
In base 8, what is -13727 + 4?
-13723
In base 12, what is 4 - -8a?
92
In base 9, what is 138 - -3?
142
In base 8, what is 321 - 3?
316
In base 16, what is -6 + 5f?
59
In base 5, what is 2 + -211?
-204
In base 3, what is -2 + 120021?
120012
In base 8, what is 15 + 3?
20
In base 15, what is 2e7 - 5?
2e2
In base 9, what is -10177 - 5?
-10183
In base 10, what is 4 + 334?
338
In base 16, what is -4e + -7f?
-cd
In base 5, what is 0 - 4143?
-4143
In base 7, what is -4 - -34?
30
In base 15, what is 6c4 - 5?
6be
In base 9, what is 17228 - 2?
17226
In base 13, what is -974 + 6?
-96b
In base 7, what is -1 + 1364?
1363
In base 11, what is 3286 + 3?
3289
In base 12, what is -8b4 + -4?
-8b8
In base 16, what is -b1 + 4?
-ad
In base 16, what is 47 + 7?
4e
In base 16, what is -f8 - 41?
-139
In base 15, what is 4e1 + 1?
4e2
In base 6, what is 2 + -3013?
-3011
In base 3, what is -12 + -1220120?
-1220202
In base 13, what is 23 + 85?
a8
In base 6, what is 3 + -10221?
-10214
In base 5, what is -1301 + -12?
-1313
In base 9, what is 3 + 368?
372
In base 4, what is 30 - -110121?
110211
In base 16, what is 1 - -73d?
73e
In base 8, what is 1463 + 1?
1464
In base 5, what is -1033 + -2?
-1040
In base 4, what is 2 + 1221?
1223
In base 10, what is -17992 - 5?
-17997
In base 6, what is -22 - 41?
-103
In base 14, what is -2 - -283c?
283a
In base 10, what is -5 + -43?
-48
In base 16, what is -2 - -3f?
3d
In base 6, what is -10 + 111?
101
In base 12, what is -6 + -17?
-21
In base 11, what is 81 - 1?
80
In base 3, what is 100 - -1001?
1101
In base 10, what is -23 + 29?
6
In base 13, what is 5 - 853?
-84b
In base 9, what is 15 - -23?
38
In base 13, what is 17a - -7?
184
In base 10, what is 7 + -348?
-341
In base 12, what is 382 - 16?
368
In base 16, what is -261 - d?
-26e
In base 12, what is -4a + 0?
-4a
In base 6, what is 3 - -2123?
2130
In base 2, what is -110011000100001 - -1?
-110011000100000
In base 9, what is 68 + 16?
85
In base 9, what is 4 + -263?
-258
In base 10, what is 1 - 52?
-51
In base 6, what is 52 + -1340?
-1244
In base 8, what is 41 + 2?
43
In base 14, what is 116 + 2?
118
In base 15, what is -1c2e - -4?
-1c2a
In base 2, what is 100 + -11100111?
-11100011
In base 6, what is 2314 - -2?
2320
In base 15, what is 9 + -6?
3
In base 5, what is -113 + 23?
-40
In base 9, what is 18 + 271?
300
In base 14, what is 0 - b4b?
-b4b
In base 2, what is -11 + 1001100100001?
1001100011110
In base 13, what is 4 - -111?
115
In base 3, what is 2202 + 21?
10000
In base 3, what is 1020 + -1102210?
-1101120
In base 12, what is 737 + -5?
732
In base 8, what is -1404 - -1?
-1403
In base 16, what is 3 + -1a?
-17
In base 2, what is -100 + -11010101?
-11011001
In base 3, what is 221112 + -10?
221102
In base 16, what is 4 - 4?
0
In base 14, what is -3 - -1c7?
1c4
In base 7, what is -5 - -136?
131
In base 14, what is -94 + 4?
-90
In base 12, what is 41 + 6?
47
In base 7, what is 414 - 0?
414
In base 8, what is 556 + 0?
556
In base 5, what is 2 + 2